{"id":173,"date":"2017-04-25T23:50:16","date_gmt":"2017-04-25T21:50:16","guid":{"rendered":"http:\/\/dessine-moi-une-maison.com\/?page_id=173"},"modified":"2018-02-27T18:13:23","modified_gmt":"2018-02-27T17:13:23","slug":"contact","status":"publish","type":"page","link":"http:\/\/dessine-moi-une-maison.com\/index.php\/contact\/","title":{"rendered":"Contact"},"content":{"rendered":"<p><span style=\"color: #000000;\">Vous pouvez me contacter pour toutes questions ou devis par t\u00e9l\u00e9phone au\u00a0 06 50 81 48 37 ou bien par mail \u00e0 veronique.raccamier@orange.fr ou encore en utilisant le formulaire ci-dessous :<\/span><\/p>\n<p><span style=\"color: #000000;\">Je vous r\u00e9pondrai personnellement dans les plus brefs d\u00e9lais.<\/span><\/p>\n<p>&nbsp;<\/p>\n<p><span style=\"color: #000000;\"><div role=\"form\" class=\"wpcf7\" id=\"wpcf7-f171-o1\" lang=\"fr-FR\" dir=\"ltr\">\n<div class=\"screen-reader-response\"><p role=\"status\" aria-live=\"polite\" aria-atomic=\"true\"><\/p> <ul><\/ul><\/div>\n<form action=\"\/index.php\/wp-json\/wp\/v2\/pages\/173#wpcf7-f171-o1\" method=\"post\" class=\"wpcf7-form init\" novalidate=\"novalidate\" data-status=\"init\">\n<div style=\"display: none;\">\n<input type=\"hidden\" name=\"_wpcf7\" value=\"171\" \/>\n<input type=\"hidden\" name=\"_wpcf7_version\" value=\"5.3.2\" \/>\n<input type=\"hidden\" name=\"_wpcf7_locale\" value=\"fr_FR\" \/>\n<input type=\"hidden\" name=\"_wpcf7_unit_tag\" value=\"wpcf7-f171-o1\" \/>\n<input type=\"hidden\" name=\"_wpcf7_container_post\" value=\"0\" \/>\n<input type=\"hidden\" name=\"_wpcf7_posted_data_hash\" value=\"\" \/>\n<\/div>\n<p><label> Votre nom (obligatoire)<br \/>\n    <span class=\"wpcf7-form-control-wrap your-name\"><input type=\"text\" name=\"your-name\" value=\"\" size=\"40\" class=\"wpcf7-form-control wpcf7-text wpcf7-validates-as-required\" aria-required=\"true\" aria-invalid=\"false\" \/><\/span> <\/label><\/p>\n<p><label> Votre e-mail (obligatoire)<br \/>\n    <span class=\"wpcf7-form-control-wrap your-email\"><input type=\"email\" name=\"your-email\" value=\"\" size=\"40\" class=\"wpcf7-form-control wpcf7-text wpcf7-email wpcf7-validates-as-required wpcf7-validates-as-email\" aria-required=\"true\" aria-invalid=\"false\" \/><\/span> <\/label><\/p>\n<p><span id=\"wpcf7-69f0c31a48065\" class=\"wpcf7-form-control-wrap attrapenigo-wrap\" style=\"display:none !important; visibility:hidden !important;\"><label  class=\"hp-message\">Veuillez laisser ce champ vide.<\/label><input class=\"wpcf7-form-control wpcf7-text\"  type=\"text\" name=\"attrapenigo\" value=\"\" size=\"40\" tabindex=\"-1\" autocomplete=\"nope\" \/><\/span><\/p>\n<p><label> Sujet<br \/>\n    <span class=\"wpcf7-form-control-wrap your-subject\"><input type=\"text\" name=\"your-subject\" value=\"Demande de renseignements\" size=\"40\" class=\"wpcf7-form-control wpcf7-text\" aria-invalid=\"false\" \/><\/span> <\/label><\/p>\n<p><label> Votre message<br \/>\n    <span class=\"wpcf7-form-control-wrap your-message\"><textarea name=\"your-message\" cols=\"40\" rows=\"10\" class=\"wpcf7-form-control wpcf7-textarea\" aria-invalid=\"false\"><\/textarea><\/span> <\/label><\/p>\n<p><input type=\"submit\" value=\"Envoyer\" class=\"wpcf7-form-control wpcf7-submit\" \/><\/p>\n<div class=\"wpcf7-response-output\" aria-hidden=\"true\"><\/div><\/form><\/div><\/span><\/p>\n<p>&nbsp;<\/p>\n<p><span style=\"color: #000000;\">\u00a0<\/span><\/p>\n","protected":false},"excerpt":{"rendered":"<p>Vous pouvez me contacter pour toutes questions ou devis par t\u00e9l\u00e9phone au\u00a0 06 50 81 48 37 ou bien par mail \u00e0 veronique.raccamier@orange.fr ou encore en utilisant le formulaire ci-dessous [&hellip;]<\/p>\n","protected":false},"author":1,"featured_media":0,"parent":0,"menu_order":0,"comment_status":"closed","ping_status":"closed","template":"","meta":[],"yoast_head":"<!-- This site is optimized with the Yoast SEO plugin v15.8 - https:\/\/yoast.com\/wordpress\/plugins\/seo\/ -->\n<title>Formulaire de contact de dessine moi une maison, V\u00e9ronique Raccamier<\/title>\n<meta name=\"description\" content=\"Formulaire de contact de Dessine moi une maison sp\u00e9cialiste en activit\u00e9s d&#039;architecture, maisons individuelles, agencement int\u00e9rieur et formations.\" \/>\n<meta name=\"robots\" content=\"index, follow, max-snippet:-1, max-image-preview:large, max-video-preview:-1\" \/>\n<link rel=\"canonical\" href=\"http:\/\/dessine-moi-une-maison.com\/index.php\/contact\/\" \/>\n<meta property=\"og:locale\" content=\"fr_FR\" \/>\n<meta property=\"og:type\" content=\"article\" \/>\n<meta property=\"og:title\" content=\"Formulaire de contact de dessine moi une maison, V\u00e9ronique Raccamier\" \/>\n<meta property=\"og:description\" content=\"Formulaire de contact de Dessine moi une maison sp\u00e9cialiste en activit\u00e9s d&#039;architecture, maisons individuelles, agencement int\u00e9rieur et formations.\" \/>\n<meta property=\"og:url\" content=\"http:\/\/dessine-moi-une-maison.com\/index.php\/contact\/\" \/>\n<meta property=\"og:site_name\" content=\"DESSINE MOI UNE MAISON\" \/>\n<meta property=\"article:publisher\" content=\"https:\/\/www.facebook.com\/dessinemoiunemaison.fr\/\" \/>\n<meta property=\"article:modified_time\" content=\"2018-02-27T17:13:23+00:00\" \/>\n<meta name=\"twitter:card\" content=\"summary\" \/>\n<script type=\"application\/ld+json\" class=\"yoast-schema-graph\">{\"@context\":\"https:\/\/schema.org\",\"@graph\":[{\"@type\":\"WebSite\",\"@id\":\"http:\/\/dessine-moi-une-maison.com\/#website\",\"url\":\"http:\/\/dessine-moi-une-maison.com\/\",\"name\":\"DESSINE MOI UNE MAISON\",\"description\":\"\",\"potentialAction\":[{\"@type\":\"SearchAction\",\"target\":\"http:\/\/dessine-moi-une-maison.com\/?s={search_term_string}\",\"query-input\":\"required name=search_term_string\"}],\"inLanguage\":\"fr-FR\"},{\"@type\":\"WebPage\",\"@id\":\"http:\/\/dessine-moi-une-maison.com\/index.php\/contact\/#webpage\",\"url\":\"http:\/\/dessine-moi-une-maison.com\/index.php\/contact\/\",\"name\":\"Formulaire de contact de dessine moi une maison, V\\u00e9ronique Raccamier\",\"isPartOf\":{\"@id\":\"http:\/\/dessine-moi-une-maison.com\/#website\"},\"datePublished\":\"2017-04-25T21:50:16+00:00\",\"dateModified\":\"2018-02-27T17:13:23+00:00\",\"description\":\"Formulaire de contact de Dessine moi une maison sp\\u00e9cialiste en activit\\u00e9s d'architecture, maisons individuelles, agencement int\\u00e9rieur et formations.\",\"breadcrumb\":{\"@id\":\"http:\/\/dessine-moi-une-maison.com\/index.php\/contact\/#breadcrumb\"},\"inLanguage\":\"fr-FR\",\"potentialAction\":[{\"@type\":\"ReadAction\",\"target\":[\"http:\/\/dessine-moi-une-maison.com\/index.php\/contact\/\"]}]},{\"@type\":\"BreadcrumbList\",\"@id\":\"http:\/\/dessine-moi-une-maison.com\/index.php\/contact\/#breadcrumb\",\"itemListElement\":[{\"@type\":\"ListItem\",\"position\":1,\"item\":{\"@type\":\"WebPage\",\"@id\":\"http:\/\/dessine-moi-une-maison.com\/\",\"url\":\"http:\/\/dessine-moi-une-maison.com\/\",\"name\":\"Accueil\"}},{\"@type\":\"ListItem\",\"position\":2,\"item\":{\"@type\":\"WebPage\",\"@id\":\"http:\/\/dessine-moi-une-maison.com\/index.php\/contact\/\",\"url\":\"http:\/\/dessine-moi-une-maison.com\/index.php\/contact\/\",\"name\":\"Contact\"}}]}]}<\/script>\n<!-- \/ Yoast SEO plugin. -->","_links":{"self":[{"href":"http:\/\/dessine-moi-une-maison.com\/index.php\/wp-json\/wp\/v2\/pages\/173"}],"collection":[{"href":"http:\/\/dessine-moi-une-maison.com\/index.php\/wp-json\/wp\/v2\/pages"}],"about":[{"href":"http:\/\/dessine-moi-une-maison.com\/index.php\/wp-json\/wp\/v2\/types\/page"}],"author":[{"embeddable":true,"href":"http:\/\/dessine-moi-une-maison.com\/index.php\/wp-json\/wp\/v2\/users\/1"}],"replies":[{"embeddable":true,"href":"http:\/\/dessine-moi-une-maison.com\/index.php\/wp-json\/wp\/v2\/comments?post=173"}],"version-history":[{"count":5,"href":"http:\/\/dessine-moi-une-maison.com\/index.php\/wp-json\/wp\/v2\/pages\/173\/revisions"}],"predecessor-version":[{"id":201,"href":"http:\/\/dessine-moi-une-maison.com\/index.php\/wp-json\/wp\/v2\/pages\/173\/revisions\/201"}],"wp:attachment":[{"href":"http:\/\/dessine-moi-une-maison.com\/index.php\/wp-json\/wp\/v2\/media?parent=173"}],"curies":[{"name":"wp","href":"https:\/\/api.w.org\/{rel}","templated":true}]}}